3 a multiple of 19?
True
Does 374 divide 4165428?
False
Does 17 divide 831640?
True
Does 5 divide 572745?
True
Is 20 a factor of 264484?
False
Does 127 divide 2956544?
False
Is 43 a factor of 35217?
True
Is 38898 a multiple of 18?
True
Is 36 a factor of 2848999?
False
Is 79 a factor of 938836?
True
Is 33 a factor of 207580?
False
Is 99 a factor of 13335?
False
Does 2865 divide 18124149?
False
Does 162 divide 425736?
True
Is 7 a factor of 1001709?
False
Does 24 divide 97351?
False
Does 63 divide 614817?
True
Is 4952592 a multiple of 485?
False
Does 23 divide 513101?
False
Is 23 a factor of 16985?
False
Is 14 a factor of 310599?
False
Is 12 a factor of 49704?
True
Is 176803 a multiple of 12?
False
Does 181 divide 2774464?
False
Does 217 divide 656642?
True
Does 70 divide 2033154?
False
Is 52 a factor of 831108?
False
Is 521 a factor of 4433189?
True
Is 5575821 a multiple of 34?
False
Does 3 divide 30390?
True
Does 161 divide 119140?
True
Does 692 divide 1552848?
True
Is 20016 a multiple of 24?
True
Does 764 divide 395516?
False
Is 135 a factor of 1415136?
False
Is 32398 a multiple of 11?
False
Does 375 divide 1698750?
True
Is 1808401 a multiple of 102?
False
Is 30 a factor of 308370?
True
Is 262 a factor of 1496020?
True
Is 280457 a multiple of 38?
False
Does 8 divide 93496?
True
Does 7 divide 2032863?
True
Is 15815 a multiple of 2?
False
Is 10 a factor of 1683720?
True
Is 4741 a multiple of 2?
False
Is 30 a factor of 1227570?
True
Does 20 divide 93405?
False
Is 38696 a multiple of 7?
True
Is 15970955 a multiple of 715?
True
Is 325 a factor of 10438350?
True
Is 58 a factor of 191264?
False
Is 182635 a multiple of 90?
False
Is 173225 a multiple of 41?
True
Does 469 divide 1016323?
True
Is 346787 a multiple of 463?
True
Does 90 divide 236389?
False
Is 10062845 a multiple of 299?
True
Is 23 a factor of 249750?
False
Is 412938 a multiple of 6?
True
Does 3 divide 28541?
False
Is 64 a factor of 2123072?
True
Does 314 divide 527520?
True
Does 59 divide 5652551?
False
Is 16416094 a multiple of 73?
True
Is 89 a factor of 5053?
False
Is 22 a factor of 324214?
True
Does 24 divide 2224333?
False
Is 73199 a multiple of 4?
False
Is 8 a factor of 6317544?
True
Is 2 a factor of 3332?
True
Is 82 a factor of 409098?
True
Is 3144657 a multiple of 11?
False
Is 904392 a multiple of 72?
True
Is 1579200 a multiple of 32?
True
Is 120132 a multiple of 6?
True
Does 205 divide 155963?
False
Is 55 a factor of 10431248?
False
Is 57 a factor of 362577?
True
Is 868306 a multiple of 5?
False
Is 3 a factor of 59107?
False
Does 346 divide 127877?
False
Does 29 divide 371471?
False
Does 188 divide 2325372?
True
Does 13 divide 1408797?
True
Is 19 a factor of 11274600?
True
Is 258 a factor of 8540565?
False
Is 239 a factor of 2345880?
False
Is 19 a factor of 916157?
False
Does 454 divide 4326166?
True
Is 1081395 a multiple of 519?
False
Is 19505 a multiple of 3?
False
Is 159 a factor of 54933?
False
Does 61 divide 13205646?
True
Is 212 a factor of 14954904?
True
Is 64869 a multiple of 12?
False
Is 4648524 a multiple of 12?
True
Is 3773836 a multiple of 17?
False
Is 40 a factor of 1515257?
False
Does 77 divide 867944?
True
Is 12300292 a multiple of 212?
False
Is 297 a factor of 36058?
False
Is 9195850 a multiple of 24?
False
Is 2262365 a multiple of 43?
False
Is 11 a factor of 25190?
True
Does 152 divide 5532800?
True
Is 1465500 a multiple of 250?
True
Is 31 a factor of 6621857?
False
Does 17 divide 200652?
False
Is 3754191 a multiple of 97?
True
Is 44 a factor of 34067?
False
Is 1475666 a multiple of 191?
True
Is 4 a factor of 67048?
True
Is 35 a factor of 2135729?
False
Is 96 a factor of 1132800?
True
Is 382675 a multiple of 25?
True
Is 200 a factor of 93275?
False
Is 458 a factor of 1306040?
False
Is 43258 a multiple of 26?
False
Is 922064 a multiple of 44?
True
Is 107807 a multiple of 198?
False
Is 17 a factor of 17738?
False
Is 1498728 a multiple of 67?
False
Is 78 a factor of 120276?
True
Is 421895 a multiple of 10?
False
Is 440 a factor of 594989?
False
Does 2 divide 5179677?
False
Does 12 divide 66434?
False
Is 10105920 a multiple of 30?
True
Is 604 a factor of 39260?
True
Is 10 a factor of 2463245?
False
Does 29 divide 206576?
False
Is 73 a factor of 32644?
False
Does 22 divide 4490?
False
Does 8 divide 50613?
False
Is 17380 a multiple of 79?
True
Is 242 a factor of 485734?
False
Is 28 a factor of 9716?
True
Is 22 a factor of 453706?
True
Is 56 a factor of 147056?
True
Does 71 divide 745074?
True
Does 25 divide 291750?
True
Is 111 a factor of 157398?
True
Is 265540 a multiple of 374?
True
Does 370 divide 290080?
True
Is 61 a factor of 741461?
False
Does 34 divide 1156952?
True
Is 16 a factor of 55436?
False
Does 588 divide 521515?
False
Is 158303 a multiple of 230?
False
Does 47 divide 449649?
True
Is 117 a factor of 66222?
True
Is 605 a factor of 4089074?
False
Is 185 a factor of 20359074?
False
Is 37 a factor of 13250413?
False
Is 32 a factor of 742304?
True
Is 73272 a multiple of 113?
False
Is 231682 a multiple of 5?
False
Is 185 a factor of 375365?
True
Does 29 divide 18590?
False
Does 24 divide 1873944?
True
Does 842 divide 5964433?
False
Is 1714 a factor of 11862594?
True
Does 2 divide 11592?
True
Is 9 a factor of 2514799?
False
Does 42 divide 16651?
False
Is 771 a factor of 703734?
False
Is 686 a factor of 499408?
True
Is 7 a factor of 1953798?
True
Is 239850 a multiple of 45?
True
Is 20667 a multiple of 15?
False
Is 605 a factor of 15482521?
False
Is 28 a factor of 1805076?
True
Is 1395064 a multiple of 29?
False
Is 47 a factor of 17719?
True
Is 297 a factor of 534432?
False
Does 88 divide 77616?
True
Does 134 divide 972567?
False
Is 15 a factor of 23220426?
False
Is 2133656 a multiple of 8?
True
Does 884 divide 2038504?
True
Is 33971 a multiple of 67?
False
Is 11 a factor of 48448?
False
Is 733 a factor of 304188?
False
Does 3 divide 43165?
False
Is 154694 a multiple of 64?
False
Is 340440 a multiple of 57?
False
Is 29 a factor of 556133?
True
Does 17 divide 176537?
False
Does 339 divide 856992?
True
Is 11 a factor of 2839540?
True
Does 80 divide 237038?
False
Is 398 a factor of 1066242?
True
Is 10 a factor of 3487640?
True
Is 15858144 a multiple of 632?
True
Does 6 divide 275658?
True
Is 62701 a multiple of 6?
False
Does 66 divide 45342?
True
Does 2 divide 90451?
False
Does 37 divide 347076?
False
Does 161 divide 1221829?
True
Is 19 a factor of 469453?
False
Is 25424 a multiple of 16?
True
Does 115 divide 2014232?
False
Is 14 a factor of 840274?
False
Is 32 a factor of 140864?
True
Is 31 a factor of 140523?
True
Does 8 divide 60176?
True
Does 3 divide 178059?
True
Is 572588 a multiple of 172?
True
Is 75 a factor of 455100?
True
Is 4250790 a multiple of 75?
False
Is 34 a factor of 138380?
True
Is 303 a factor of 861429?
True
Does 26 divide 136453?
False
Is 132 a factor of 28248?
True
Is 781226 a multiple of 29?
False
Is 3 a factor of 54387?
True
Is 73320 a multiple of 15?
True
Is 1633352 a multiple of 28?
True
Is 1881910 a multiple of 307?
True
Does 366 divide 320419?
False
Does 84 divide 1452192?
True
Is 341 a factor of 746790?
True
Is 586 a factor of 5761552?
True
Does 12 divide 42991?
False
Does 59 divide 341551?
True
Is 3864600 a multiple of 10?
True
Is 151359 a multiple of 140?
False
Is 16 a factor of 6240?
True
Is 16 a factor of 20051280?
True
Is 40 a factor of 12000?
True
Is 139 a factor of 802579?
False
Is 8 a factor of 1098944?
True
Does 19 divide 77140?
True
Does 241 divide 6852660?
False
Does 125 divide 204875?
True
Is 259 a factor of 1393167?
False
Does 29 divide 74871?
False
Is 127666 a multiple of 154?
True
Is 368 a factor of 51888?
True
Does 58 divide 21566082?
True
Does 291 divide 161796?
True
Is 1565631 a multiple of 33?
False
Is 69156 a multiple of 102?
True
Does 110 divide 62810?
True
Is 10 a factor of 37647?
False
Is 16 a factor of 12666416?
True
Is 21 a factor of 1392559?
False
Is 534 a factor of 830904?
True
Is 13662 a multiple of 11?
True
Is 133 a factor of 428923?
False
Is 8048 a multiple of 18?
False
Does 288 divide 635678?
False
Does 880 divide 6078?
False
Does 171 divide 14354766?
True
Does 17 divide 176380?
False
Is 5706172 a multiple of 415?
False
Does 330 divide 2115300?
True
Does 110 divide 1839750?
True
Is 3454275 a multiple of 